{"id":284,"date":"2015-07-20T08:59:11","date_gmt":"2015-07-20T08:59:11","guid":{"rendered":"http:\/\/demo.themegrill.com\/himalayas\/?page_id=4"},"modified":"2023-10-19T08:26:15","modified_gmt":"2023-10-19T08:26:15","slug":"elektronska-fiskalizacija-srbija","status":"publish","type":"page","link":"https:\/\/e-fiskal.rs\/index.php\/elektronska-fiskalizacija-srbija\/","title":{"rendered":"Elektronska Fiskalizacija"},"content":{"rendered":"<p>Fiskalna kasa bez ugovorne obaveze. Unapredi svoje poslovanje sa eFiskal softverskim re\u0161enjem. Softverska fiskalna kasa za samo 1.200,00din\/mese\u010dno+PDV. Fiskalna kasa je sada Elektronski fiskalni uredjaj<\/p>\n<h4>Softverska fiskalna kasa za samo 1.200,00din\/mese\u010dno+PDV.<\/h4>\n<h4>ELEKTRONSKA FISKALIZACIJA za vise informacija pozovite <a href=\"tel:0114444599\">011 4444 599<\/a><\/h4>\n<p><!--more--><\/p>\n<p>Fiskalne kase kakve su nam ranije bile poznate, prestale su da se koriste sa 30. Aprilom 2022. godine a na prodajnim mestima njih de zameniti EFU (elektronski fiskalni ure\u0111aj) sa odgovarajudim softverom.<\/p>\n<p>Elektronski fiskalni ure\u0111aj (EFU) mo\u017ee biti bilo koji ure\u0111aj (kompjuter, smartphone, All-in-One, tablet, itd) koji u sebi ima instaliran softver (e-Fiskal) za dvosmernu komunikaciju sa Poreskom upravom Srbije. Ra\u010dun potpisan va\u0161im bezbedonosnim elementom se prilikom izdavanja putem softvera, \u0161alje Poreskoj upravi koja isti verifikuje, tj overava i \u0161alje nazad na \u0161tampu.<\/p>\n<p>Usluga e-Fiskal je idelna za maloprodajne objekte kao \u0161to su: apoteke, lekarske i stomatolo\u0161ke ordinacije, fotokopirnice, prodavnice \u0161iroke robe, prodavnice auto delova, fitnes i SPA centre, kozmeti\u010dare, taksi slu\u017ebe, laboratorijske ambulante, poljoprivredne apoteke, cvedare, tj za sve one poreske obveznike koji moraju izdati fiskalni ra\u010dun a koji su obuhvadeni Zakonom o fiskalizaciji.<\/p>\n<p><img fetchpriority=\"high\" decoding=\"async\" class=\"alignnone wp-image-386 size-full\" title=\"elektronska fiskalizacija e Fiskal\" src=\"https:\/\/e-fiskal.rs\/wp-content\/uploads\/2021\/09\/elektronska-fiskalizacija-maloprodaja.png\" alt=\"\" width=\"680\" height=\"99\" srcset=\"https:\/\/e-fiskal.rs\/wp-content\/uploads\/2021\/09\/elektronska-fiskalizacija-maloprodaja.png 680w, https:\/\/e-fiskal.rs\/wp-content\/uploads\/2021\/09\/elektronska-fiskalizacija-maloprodaja-600x87.png 600w, https:\/\/e-fiskal.rs\/wp-content\/uploads\/2021\/09\/elektronska-fiskalizacija-maloprodaja-300x44.png 300w\" sizes=\"(max-width: 680px) 100vw, 680px\" \/><\/p>\n<p>Kako bi smo poslovnim korisnicima garantovali sigurnost i kontinuitet u poslovanju, stru\u010dnu podr\u0161ku i vrhunsko korisni\u010dko iskustvo, nudimo moderno i stabilno e-Fiskal re\u0161enje.<\/p>\n<p>Mozete pogeldati <a href=\"https:\/\/e-fiskal.rs\/index.php\/win-fiskal-fiskalna-kasa\/\"><strong>WIN Fiskal<\/strong><\/a> softversko resenje.<\/p>\n<p>Osim standardnih i naprednih funkcionalnosti koje eFiskal poseduje, eFiskal je mogude povezati sa ostalim softverskim re\u0161enjima koje sada koristite u va\u0161im maloprodajnim objektima \u0161to de va\u0161im zaposlenima omoguditi lak\u0161i rad nakon 30. Aprila 2022.<\/p>\n<h3>Funkcionalnosti koje eFiskal poseduje:<\/h3>\n<p>1. Izdavanje gotovinskih ra\u010duna;<img decoding=\"async\" class=\"alignright wp-image-309 size-medium\" title=\"fiskalna kasa sunmi d2\" src=\"https:\/\/e-fiskal.rs\/wp-content\/uploads\/2021\/09\/sundmid2mini-300x225.png\" alt=\"\" width=\"300\" height=\"225\" srcset=\"https:\/\/e-fiskal.rs\/wp-content\/uploads\/2021\/09\/sundmid2mini-300x225.png 300w, https:\/\/e-fiskal.rs\/wp-content\/uploads\/2021\/09\/sundmid2mini-600x450.png 600w, https:\/\/e-fiskal.rs\/wp-content\/uploads\/2021\/09\/sundmid2mini-768x576.png 768w, https:\/\/e-fiskal.rs\/wp-content\/uploads\/2021\/09\/sundmid2mini.png 1024w\" sizes=\"(max-width: 300px) 100vw, 300px\" \/><br \/>\n2. Izdavanje korektivnih ra\u010duna;<br \/>\n3. Unos artikala i usluga po grupama;<br \/>\n4. Unos, ure\u0111ivanje i a\u017euriranje kupaca i dobavlja\u010da;<br \/>\n5. Odobravanje popusta;<br \/>\n6. Pra\u0107enje stanja zaliha;<br \/>\n7. Unos inventar\/robe;<br \/>\n8. Pode\u0161avanje razli\u010ditih oblika pla\u0107anja (kartica, gotovina, virmansko pla\u0107anje);<br \/>\n9. Izve\u0161taj za knjigovodstvo;<br \/>\n10. Izvoz (Export) podataka u csv file;<br \/>\n11. Mogu\u0107nost slanja SMS reminder (podsetnik) za rezervacije, zakazane termine, itd.<\/p>\n<p>Unapredite svoje poslovanje, bez ugovorne obaveze. Fiskalizujte se na vreme. Softverska fiskalna kasa za 1.200,00din\/mese\u010dno+PDV. Za sve klijente koji se odlu\u010de za na\u0161e softversko re\u0161enje obezbedili smo pregr\u0161t funkcionalnosti.<\/p>\n<p>Softversku e-Fiskal licenu (EFU) mo\u017eete koristiti na bilo kojem ure\u0111aju koji se nalazi u nekom od va\u0161ih maloprodajnih objekata.<\/p>\n<p>Ponudom je obuhvadena instalacija softvera na svim lokacijama u terminima koje dogovorimo. Tako\u0111e, kako bi se va\u0161i zaposleni \u0161to br\u017ee i bolje upoznali sa e-Fiskal softverskim re\u0161enjem, ponudom je obuhvaden trening odnosno kurs ovla\u0161denog predstavnika e-Fiskal-a sa va\u0161im zaposlenima.<\/p>\n<p>Mi vodimo ra\u010duna o tome da postoji stalna uskla\u0111enost sa zakonskim promenana koji se automatski nadgra\u0111uju u softverskom re\u0161enju koje koristite u va\u0161im maloprodajnim objektima.<\/p>\n","protected":false},"excerpt":{"rendered":"<p>Fiskalna kasa bez ugovorne obaveze. Unapredi svoje poslovanje sa eFiskal softverskim re\u0161enjem. Softverska fiskalna kasa za samo 1.200,00din\/mese\u010dno+PDV. Fiskalna kasa je sada Elektronski fiskalni uredjaj Softverska fiskalna kasa za samo 1.200,00din\/mese\u010dno+PDV. ELEKTRONSKA FISKALIZACIJA za vise informacija pozovite 011 4444 599<\/p>\n","protected":false},"author":1,"featured_media":727,"parent":0,"menu_order":0,"comment_status":"open","ping_status":"open","template":"","meta":{"footnotes":""},"class_list":["post-284","page","type-page","status-publish","has-post-thumbnail","hentry"],"yoast_head":"<!-- This site is optimized with the Yoast SEO plugin v27.1.1 - https:\/\/yoast.com\/product\/yoast-seo-wordpress\/ -->\n<title>Elektronska Fiskalizacija - Elektronska Fiskalizacija<\/title>\n<meta name=\"description\" content=\"e-Fiskal. Novi sistem poslovanje, bez ugovorne obaveze. Fiskalizuj se na vreme. Softverska fiskalna kasa za samo 1.200din\/mese\u010dno+PDV\" \/>\n<meta name=\"robots\" content=\"index, follow, max-snippet:-1, max-image-preview:large, max-video-preview:-1\" \/>\n<link rel=\"canonical\" href=\"https:\/\/e-fiskal.rs\/index.php\/elektronska-fiskalizacija-srbija\/\" \/>\n<meta property=\"og:locale\" content=\"en_US\" \/>\n<meta property=\"og:type\" content=\"article\" \/>\n<meta property=\"og:title\" content=\"Elektronska Fiskalizacija - Elektronska Fiskalizacija\" \/>\n<meta property=\"og:description\" content=\"e-Fiskal. Novi sistem poslovanje, bez ugovorne obaveze. Fiskalizuj se na vreme. Softverska fiskalna kasa za samo 1.200din\/mese\u010dno+PDV\" \/>\n<meta property=\"og:url\" content=\"https:\/\/e-fiskal.rs\/index.php\/elektronska-fiskalizacija-srbija\/\" \/>\n<meta property=\"og:site_name\" content=\"Elektronska Fiskalizacija\" \/>\n<meta property=\"article:modified_time\" content=\"2023-10-19T08:26:15+00:00\" \/>\n<meta property=\"og:image\" content=\"https:\/\/e-fiskal.rs\/wp-content\/uploads\/2021\/12\/elektronska-fiskalizacija-nove-kase-2022.jpg\" \/>\n\t<meta property=\"og:image:width\" content=\"1920\" \/>\n\t<meta property=\"og:image:height\" content=\"1000\" \/>\n\t<meta property=\"og:image:type\" content=\"image\/jpeg\" \/>\n<meta name=\"twitter:card\" content=\"summary_large_image\" \/>\n<meta name=\"twitter:label1\" content=\"Est. reading time\" \/>\n\t<meta name=\"twitter:data1\" content=\"3 minutes\" \/>\n<script type=\"application\/ld+json\" class=\"yoast-schema-graph\">{\"@context\":\"https:\/\/schema.org\",\"@graph\":[{\"@type\":\"WebPage\",\"@id\":\"https:\/\/e-fiskal.rs\/index.php\/elektronska-fiskalizacija-srbija\/\",\"url\":\"https:\/\/e-fiskal.rs\/index.php\/elektronska-fiskalizacija-srbija\/\",\"name\":\"Elektronska Fiskalizacija - Elektronska Fiskalizacija\",\"isPartOf\":{\"@id\":\"https:\/\/e-fiskal.rs\/#website\"},\"primaryImageOfPage\":{\"@id\":\"https:\/\/e-fiskal.rs\/index.php\/elektronska-fiskalizacija-srbija\/#primaryimage\"},\"image\":{\"@id\":\"https:\/\/e-fiskal.rs\/index.php\/elektronska-fiskalizacija-srbija\/#primaryimage\"},\"thumbnailUrl\":\"https:\/\/e-fiskal.rs\/wp-content\/uploads\/2021\/12\/elektronska-fiskalizacija-nove-kase-2022.jpg\",\"datePublished\":\"2015-07-20T08:59:11+00:00\",\"dateModified\":\"2023-10-19T08:26:15+00:00\",\"description\":\"e-Fiskal. Novi sistem poslovanje, bez ugovorne obaveze. Fiskalizuj se na vreme. Softverska fiskalna kasa za samo 1.200din\/mese\u010dno+PDV\",\"breadcrumb\":{\"@id\":\"https:\/\/e-fiskal.rs\/index.php\/elektronska-fiskalizacija-srbija\/#breadcrumb\"},\"inLanguage\":\"en-US\",\"potentialAction\":[{\"@type\":\"ReadAction\",\"target\":[\"https:\/\/e-fiskal.rs\/index.php\/elektronska-fiskalizacija-srbija\/\"]}]},{\"@type\":\"ImageObject\",\"inLanguage\":\"en-US\",\"@id\":\"https:\/\/e-fiskal.rs\/index.php\/elektronska-fiskalizacija-srbija\/#primaryimage\",\"url\":\"https:\/\/e-fiskal.rs\/wp-content\/uploads\/2021\/12\/elektronska-fiskalizacija-nove-kase-2022.jpg\",\"contentUrl\":\"https:\/\/e-fiskal.rs\/wp-content\/uploads\/2021\/12\/elektronska-fiskalizacija-nove-kase-2022.jpg\",\"width\":1920,\"height\":1000},{\"@type\":\"BreadcrumbList\",\"@id\":\"https:\/\/e-fiskal.rs\/index.php\/elektronska-fiskalizacija-srbija\/#breadcrumb\",\"itemListElement\":[{\"@type\":\"ListItem\",\"position\":1,\"name\":\"Home\",\"item\":\"https:\/\/e-fiskal.rs\/\"},{\"@type\":\"ListItem\",\"position\":2,\"name\":\"Elektronska Fiskalizacija\"}]},{\"@type\":\"WebSite\",\"@id\":\"https:\/\/e-fiskal.rs\/#website\",\"url\":\"https:\/\/e-fiskal.rs\/\",\"name\":\"Elektronska Fiskalizacija\",\"description\":\"Najbolja ponuda ure\u0111aja i softverskih re\u0161enja\",\"publisher\":{\"@id\":\"https:\/\/e-fiskal.rs\/#organization\"},\"potentialAction\":[{\"@type\":\"SearchAction\",\"target\":{\"@type\":\"EntryPoint\",\"urlTemplate\":\"https:\/\/e-fiskal.rs\/?s={search_term_string}\"},\"query-input\":{\"@type\":\"PropertyValueSpecification\",\"valueRequired\":true,\"valueName\":\"search_term_string\"}}],\"inLanguage\":\"en-US\"},{\"@type\":\"Organization\",\"@id\":\"https:\/\/e-fiskal.rs\/#organization\",\"name\":\"Elektronska Fiskalizacija\",\"url\":\"https:\/\/e-fiskal.rs\/\",\"logo\":{\"@type\":\"ImageObject\",\"inLanguage\":\"en-US\",\"@id\":\"https:\/\/e-fiskal.rs\/#\/schema\/logo\/image\/\",\"url\":\"https:\/\/e-fiskal.rs\/wp-content\/uploads\/2021\/09\/elektronska-fiskalizacija-logo-small.png\",\"contentUrl\":\"https:\/\/e-fiskal.rs\/wp-content\/uploads\/2021\/09\/elektronska-fiskalizacija-logo-small.png\",\"width\":120,\"height\":60,\"caption\":\"Elektronska Fiskalizacija\"},\"image\":{\"@id\":\"https:\/\/e-fiskal.rs\/#\/schema\/logo\/image\/\"}}]}<\/script>\n<!-- \/ Yoast SEO plugin. -->","yoast_head_json":{"title":"Elektronska Fiskalizacija - Elektronska Fiskalizacija","description":"e-Fiskal. Novi sistem poslovanje, bez ugovorne obaveze. Fiskalizuj se na vreme. Softverska fiskalna kasa za samo 1.200din\/mese\u010dno+PDV","robots":{"index":"index","follow":"follow","max-snippet":"max-snippet:-1","max-image-preview":"max-image-preview:large","max-video-preview":"max-video-preview:-1"},"canonical":"https:\/\/e-fiskal.rs\/index.php\/elektronska-fiskalizacija-srbija\/","og_locale":"en_US","og_type":"article","og_title":"Elektronska Fiskalizacija - Elektronska Fiskalizacija","og_description":"e-Fiskal. Novi sistem poslovanje, bez ugovorne obaveze. Fiskalizuj se na vreme. Softverska fiskalna kasa za samo 1.200din\/mese\u010dno+PDV","og_url":"https:\/\/e-fiskal.rs\/index.php\/elektronska-fiskalizacija-srbija\/","og_site_name":"Elektronska Fiskalizacija","article_modified_time":"2023-10-19T08:26:15+00:00","og_image":[{"width":1920,"height":1000,"url":"https:\/\/e-fiskal.rs\/wp-content\/uploads\/2021\/12\/elektronska-fiskalizacija-nove-kase-2022.jpg","type":"image\/jpeg"}],"twitter_card":"summary_large_image","twitter_misc":{"Est. reading time":"3 minutes"},"schema":{"@context":"https:\/\/schema.org","@graph":[{"@type":"WebPage","@id":"https:\/\/e-fiskal.rs\/index.php\/elektronska-fiskalizacija-srbija\/","url":"https:\/\/e-fiskal.rs\/index.php\/elektronska-fiskalizacija-srbija\/","name":"Elektronska Fiskalizacija - Elektronska Fiskalizacija","isPartOf":{"@id":"https:\/\/e-fiskal.rs\/#website"},"primaryImageOfPage":{"@id":"https:\/\/e-fiskal.rs\/index.php\/elektronska-fiskalizacija-srbija\/#primaryimage"},"image":{"@id":"https:\/\/e-fiskal.rs\/index.php\/elektronska-fiskalizacija-srbija\/#primaryimage"},"thumbnailUrl":"https:\/\/e-fiskal.rs\/wp-content\/uploads\/2021\/12\/elektronska-fiskalizacija-nove-kase-2022.jpg","datePublished":"2015-07-20T08:59:11+00:00","dateModified":"2023-10-19T08:26:15+00:00","description":"e-Fiskal. Novi sistem poslovanje, bez ugovorne obaveze. Fiskalizuj se na vreme. Softverska fiskalna kasa za samo 1.200din\/mese\u010dno+PDV","breadcrumb":{"@id":"https:\/\/e-fiskal.rs\/index.php\/elektronska-fiskalizacija-srbija\/#breadcrumb"},"inLanguage":"en-US","potentialAction":[{"@type":"ReadAction","target":["https:\/\/e-fiskal.rs\/index.php\/elektronska-fiskalizacija-srbija\/"]}]},{"@type":"ImageObject","inLanguage":"en-US","@id":"https:\/\/e-fiskal.rs\/index.php\/elektronska-fiskalizacija-srbija\/#primaryimage","url":"https:\/\/e-fiskal.rs\/wp-content\/uploads\/2021\/12\/elektronska-fiskalizacija-nove-kase-2022.jpg","contentUrl":"https:\/\/e-fiskal.rs\/wp-content\/uploads\/2021\/12\/elektronska-fiskalizacija-nove-kase-2022.jpg","width":1920,"height":1000},{"@type":"BreadcrumbList","@id":"https:\/\/e-fiskal.rs\/index.php\/elektronska-fiskalizacija-srbija\/#breadcrumb","itemListElement":[{"@type":"ListItem","position":1,"name":"Home","item":"https:\/\/e-fiskal.rs\/"},{"@type":"ListItem","position":2,"name":"Elektronska Fiskalizacija"}]},{"@type":"WebSite","@id":"https:\/\/e-fiskal.rs\/#website","url":"https:\/\/e-fiskal.rs\/","name":"Elektronska Fiskalizacija","description":"Najbolja ponuda ure\u0111aja i softverskih re\u0161enja","publisher":{"@id":"https:\/\/e-fiskal.rs\/#organization"},"potentialAction":[{"@type":"SearchAction","target":{"@type":"EntryPoint","urlTemplate":"https:\/\/e-fiskal.rs\/?s={search_term_string}"},"query-input":{"@type":"PropertyValueSpecification","valueRequired":true,"valueName":"search_term_string"}}],"inLanguage":"en-US"},{"@type":"Organization","@id":"https:\/\/e-fiskal.rs\/#organization","name":"Elektronska Fiskalizacija","url":"https:\/\/e-fiskal.rs\/","logo":{"@type":"ImageObject","inLanguage":"en-US","@id":"https:\/\/e-fiskal.rs\/#\/schema\/logo\/image\/","url":"https:\/\/e-fiskal.rs\/wp-content\/uploads\/2021\/09\/elektronska-fiskalizacija-logo-small.png","contentUrl":"https:\/\/e-fiskal.rs\/wp-content\/uploads\/2021\/09\/elektronska-fiskalizacija-logo-small.png","width":120,"height":60,"caption":"Elektronska Fiskalizacija"},"image":{"@id":"https:\/\/e-fiskal.rs\/#\/schema\/logo\/image\/"}}]}},"_links":{"self":[{"href":"https:\/\/e-fiskal.rs\/index.php\/wp-json\/wp\/v2\/pages\/284","targetHints":{"allow":["GET"]}}],"collection":[{"href":"https:\/\/e-fiskal.rs\/index.php\/wp-json\/wp\/v2\/pages"}],"about":[{"href":"https:\/\/e-fiskal.rs\/index.php\/wp-json\/wp\/v2\/types\/page"}],"author":[{"embeddable":true,"href":"https:\/\/e-fiskal.rs\/index.php\/wp-json\/wp\/v2\/users\/1"}],"replies":[{"embeddable":true,"href":"https:\/\/e-fiskal.rs\/index.php\/wp-json\/wp\/v2\/comments?post=284"}],"version-history":[{"count":22,"href":"https:\/\/e-fiskal.rs\/index.php\/wp-json\/wp\/v2\/pages\/284\/revisions"}],"predecessor-version":[{"id":825,"href":"https:\/\/e-fiskal.rs\/index.php\/wp-json\/wp\/v2\/pages\/284\/revisions\/825"}],"wp:featuredmedia":[{"embeddable":true,"href":"https:\/\/e-fiskal.rs\/index.php\/wp-json\/wp\/v2\/media\/727"}],"wp:attachment":[{"href":"https:\/\/e-fiskal.rs\/index.php\/wp-json\/wp\/v2\/media?parent=284"}],"curies":[{"name":"wp","href":"https:\/\/api.w.org\/{rel}","templated":true}]}}